{"id":99,"date":"2019-02-27T23:53:24","date_gmt":"2019-02-27T22:53:24","guid":{"rendered":"http:\/\/www.ensemblevocal.chorale-resonance.org\/?page_id=99"},"modified":"2024-02-09T19:14:14","modified_gmt":"2024-02-09T18:14:14","slug":"soutenir-notre-choeur","status":"publish","type":"page","link":"https:\/\/www.chorale-resonance.org\/index.php\/soutenir-notre-choeur\/","title":{"rendered":"Nous soutenir"},"content":{"rendered":"\t\t<div data-elementor-type=\"wp-post\" data-elementor-id=\"99\" class=\"elementor elementor-99\">\n\t\t\t\t\t\t<div class=\"elementor-inner\">\n\t\t\t\t<div class=\"elementor-section-wrap\">\n\t\t\t\t\t\t\t\t\t<section class=\"elementor-section elementor-top-section elementor-element elementor-element-7c5d5e5e elementor-section-full_width elementor-section-height-default elementor-section-height-default\" data-id=\"7c5d5e5e\" data-element_type=\"section\" data-settings=\"{&quot;background_background&quot;:&quot;classic&quot;}\">\n\t\t\t\t\t\t\t<div class=\"elementor-background-overlay\"><\/div>\n\t\t\t\t\t\t\t<div class=\"elementor-container elementor-column-gap-default\">\n\t\t\t\t\t\t\t<div class=\"elementor-row\">\n\t\t\t\t\t<div class=\"elementor-column elementor-col-100 elementor-top-column elementor-element elementor-element-2b6bcc67\" data-id=\"2b6bcc67\" data-element_type=\"column\">\n\t\t\t<div class=\"elementor-column-wrap elementor-element-populated\">\n\t\t\t\t\t\t\t<div class=\"elementor-widget-wrap\">\n\t\t\t\t\t\t<div class=\"elementor-element elementor-element-3b134fd1 elementor-widget elementor-widget-heading\" data-id=\"3b134fd1\" data-element_type=\"widget\" data-widget_type=\"heading.default\">\n\t\t\t\t<div class=\"elementor-widget-container\">\n\t\t\t<h2 class=\"elementor-heading-title elementor-size-default\">Nous soutenir<\/h2>\t\t<\/div>\n\t\t\t\t<\/div>\n\t\t\t\t\t\t<\/div>\n\t\t\t\t\t<\/div>\n\t\t<\/div>\n\t\t\t\t\t\t\t\t<\/div>\n\t\t\t\t\t<\/div>\n\t\t<\/section>\n\t\t\t\t<section class=\"elementor-section elementor-top-section elementor-element elementor-element-a0efa3a elementor-section-boxed elementor-section-height-default elementor-section-height-default\" data-id=\"a0efa3a\" data-element_type=\"section\">\n\t\t\t\t\t\t<div class=\"elementor-container elementor-column-gap-default\">\n\t\t\t\t\t\t\t<div class=\"elementor-row\">\n\t\t\t\t\t<div class=\"elementor-column elementor-col-100 elementor-top-column elementor-element elementor-element-dfb916d\" data-id=\"dfb916d\" data-element_type=\"column\">\n\t\t\t<div class=\"elementor-column-wrap elementor-element-populated\">\n\t\t\t\t\t\t\t<div class=\"elementor-widget-wrap\">\n\t\t\t\t\t\t<div class=\"elementor-element elementor-element-2f7fa8a elementor-widget elementor-widget-heading\" data-id=\"2f7fa8a\" data-element_type=\"widget\" data-widget_type=\"heading.default\">\n\t\t\t\t<div class=\"elementor-widget-container\">\n\t\t\t<h2 class=\"elementor-heading-title elementor-size-default\"><h2 data-elementor-setting-key=\"title\" data-pen-placeholder=\"\u00c9crivez ici...\" style=\"font-weight: var( --e-global-typography-primary-font-weight );\">Permettre \u00e0 R\u00e9sonance de mener des projets artistiques ambitieux : rejoindre le <span class=\"OYPEnA text-decoration-none text-strikethrough-none\" style=\"color: rgb(0, 0, 0); font-weight: var( --e-global-typography-primary-font-weight ); word-spacing: normal; font-style: italic;\">Cercle des partenaires<\/span><span style=\"color: rgb(0, 0, 0); font-weight: var( --e-global-typography-primary-font-weight ); word-spacing: normal;\"><\/span><br><\/h2><\/h2>\t\t<\/div>\n\t\t\t\t<\/div>\n\t\t\t\t\t\t<\/div>\n\t\t\t\t\t<\/div>\n\t\t<\/div>\n\t\t\t\t\t\t\t\t<\/div>\n\t\t\t\t\t<\/div>\n\t\t<\/section>\n\t\t\t\t<section class=\"elementor-section elementor-top-section elementor-element elementor-element-2d236b1 elementor-section-boxed elementor-section-height-default elementor-section-height-default\" data-id=\"2d236b1\" data-element_type=\"section\">\n\t\t\t\t\t\t<div class=\"elementor-container elementor-column-gap-default\">\n\t\t\t\t\t\t\t<div class=\"elementor-row\">\n\t\t\t\t\t<div class=\"elementor-column elementor-col-100 elementor-top-column elementor-element elementor-element-dbc4f9f\" data-id=\"dbc4f9f\" data-element_type=\"column\">\n\t\t\t<div class=\"elementor-column-wrap elementor-element-populated\">\n\t\t\t\t\t\t\t<div class=\"elementor-widget-wrap\">\n\t\t\t\t\t\t<div class=\"elementor-element elementor-element-fef2461 elementor-widget elementor-widget-text-editor\" data-id=\"fef2461\" data-element_type=\"widget\" data-widget_type=\"text-editor.default\">\n\t\t\t\t<div class=\"elementor-widget-container\">\n\t\t\t\t\t\t\t\t<div class=\"elementor-text-editor elementor-clearfix\">\n\t\t\t\t<p><span style=\"color: rgb(0, 0, 0); text-align: justify; font-family: var( --e-global-typography-text-font-family ), Sans-serif; font-weight: var( --e-global-typography-text-font-weight ); word-spacing: normal;\">A titre individuel ou au nom de leur entreprise, les partenaires de R\u00e9sonance contribuent \u00e0 son d\u00e9veloppement par leur soutien mat\u00e9riel ou financier. Ils sont r\u00e9unis au sein du&nbsp;<\/span><span style=\"color: rgb(0, 0, 0); text-align: justify; font-family: var( --e-global-typography-text-font-family ), Sans-serif; font-weight: var( --e-global-typography-text-font-weight ); word-spacing: normal; font-style: italic;\">Cercle des partenaires.<\/span><\/p><p style=\"color: rgb(0, 0, 0); text-align: justify;\"><span style=\"font-style: italic;\"><span style=\"font-weight: bold; font-style: normal;\">Rejoindre le&nbsp;<\/span><span style=\"font-weight: bold;\">Cercle des partenaires<\/span><span style=\"font-weight: bold; font-style: normal;\">, c\u2019est :<\/span><br><\/span><\/p><ul style=\"color: rgb(0, 0, 0); text-align: justify;\"><li><span style=\"font-weight: bold;\">\u00eatre acteur des projets de R\u00e9sonance&nbsp;<\/span><span>et avoir la possibilit\u00e9 de l\u2019enrichir de vos id\u00e9es<\/span><\/li><li><span style=\"font-weight: bold;\">associer votre nom ou marque&nbsp;<\/span><span>\u00e0 un acteur important du chant choral en Bretagne<\/span><\/li><li><span style=\"font-weight: bold;\">donner \u00e0 R\u00e9sonance les moyens de mener des projets de qualit\u00e9&nbsp;<\/span><span>(collaboration avec des musiciens professionnels, enregistrement d\u2019un nouveau disque&#8230;)<\/span><\/li><\/ul><div style=\"color: rgb(0, 0, 0); text-align: justify;\"><span style=\"font-weight: bold;\">Trois mani\u00e8res de soutenir R\u00e9sonance<\/span><\/div><div style=\"color: rgb(0, 0, 0); text-align: justify;\"><ul><li><span style=\"color: rgb(34, 33, 31);\">M\u00e9c\u00e9nat<\/span><\/li><li><span style=\"color: rgb(34, 33, 31);\">Soutien en nature<\/span><span style=\"color: rgb(34, 33, 31);\">&nbsp;(impressions, salle de r\u00e9p\u00e9tition, pr\u00eat d\u2019instruments, etc.)<\/span><\/li><li><span style=\"color: rgb(34, 33, 31);\">Sponsoring<\/span><span style=\"color: rgb(34, 33, 31);\">&nbsp;(publicit\u00e9, concert priv\u00e9, achat de places en nombre, etc.)<\/span><\/li><\/ul><\/div>\t\t\t\t\t<\/div>\n\t\t\t\t\t\t<\/div>\n\t\t\t\t<\/div>\n\t\t\t\t\t\t<\/div>\n\t\t\t\t\t<\/div>\n\t\t<\/div>\n\t\t\t\t\t\t\t\t<\/div>\n\t\t\t\t\t<\/div>\n\t\t<\/section>\n\t\t\t\t<section class=\"elementor-section elementor-top-section elementor-element elementor-element-b9a4f10 elementor-section-boxed elementor-section-height-default elementor-section-height-default\" data-id=\"b9a4f10\" data-element_type=\"section\">\n\t\t\t\t\t\t<div class=\"elementor-container elementor-column-gap-default\">\n\t\t\t\t\t\t\t<div class=\"elementor-row\">\n\t\t\t\t\t<div class=\"elementor-column elementor-col-100 elementor-top-column elementor-element elementor-element-f5022a1\" data-id=\"f5022a1\" data-element_type=\"column\">\n\t\t\t<div class=\"elementor-column-wrap elementor-element-populated\">\n\t\t\t\t\t\t\t<div class=\"elementor-widget-wrap\">\n\t\t\t\t\t\t<div class=\"elementor-element elementor-element-4d9f420 elementor-widget elementor-widget-image\" data-id=\"4d9f420\" data-element_type=\"widget\" data-widget_type=\"image.default\">\n\t\t\t\t<div class=\"elementor-widget-container\">\n\t\t\t\t\t\t\t\t<div class=\"elementor-image\">\n\t\t\t\t\t\t\t\t\t\t\t\t<img width=\"768\" height=\"706\" src=\"https:\/\/www.chorale-resonance.org\/wp-content\/uploads\/2024\/02\/tableau-me\u0301ce\u0301nat-Screenshot-avec-titre-768x706.png\" class=\"attachment-medium_large size-medium_large\" alt=\"\" loading=\"lazy\" srcset=\"https:\/\/www.chorale-resonance.org\/wp-content\/uploads\/2024\/02\/tableau-me\u0301ce\u0301nat-Screenshot-avec-titre-768x706.png 768w, https:\/\/www.chorale-resonance.org\/wp-content\/uploads\/2024\/02\/tableau-me\u0301ce\u0301nat-Screenshot-avec-titre-300x276.png 300w, https:\/\/www.chorale-resonance.org\/wp-content\/uploads\/2024\/02\/tableau-me\u0301ce\u0301nat-Screenshot-avec-titre-1024x942.png 1024w, https:\/\/www.chorale-resonance.org\/wp-content\/uploads\/2024\/02\/tableau-me\u0301ce\u0301nat-Screenshot-avec-titre.png 1244w\" sizes=\"(max-width: 768px) 100vw, 768px\" \/>\t\t\t\t\t\t\t\t\t\t\t\t\t\t<\/div>\n\t\t\t\t\t\t<\/div>\n\t\t\t\t<\/div>\n\t\t\t\t\t\t<\/div>\n\t\t\t\t\t<\/div>\n\t\t<\/div>\n\t\t\t\t\t\t\t\t<\/div>\n\t\t\t\t\t<\/div>\n\t\t<\/section>\n\t\t\t\t<section class=\"elementor-section elementor-top-section elementor-element elementor-element-8247057 elementor-section-boxed elementor-section-height-default elementor-section-height-default\" data-id=\"8247057\" data-element_type=\"section\">\n\t\t\t\t\t\t<div class=\"elementor-container elementor-column-gap-default\">\n\t\t\t\t\t\t\t<div class=\"elementor-row\">\n\t\t\t\t\t<div class=\"elementor-column elementor-col-100 elementor-top-column elementor-element elementor-element-ec1907b\" data-id=\"ec1907b\" data-element_type=\"column\">\n\t\t\t<div class=\"elementor-column-wrap elementor-element-populated\">\n\t\t\t\t\t\t\t<div class=\"elementor-widget-wrap\">\n\t\t\t\t\t\t<div class=\"elementor-element elementor-element-5882962 elementor-widget-divider--view-line elementor-widget elementor-widget-divider\" data-id=\"5882962\" data-element_type=\"widget\" data-widget_type=\"divider.default\">\n\t\t\t\t<div class=\"elementor-widget-container\">\n\t\t\t\t\t<div class=\"elementor-divider\">\n\t\t\t<span class=\"elementor-divider-separator\">\n\t\t\t\t\t\t<\/span>\n\t\t<\/div>\n\t\t\t\t<\/div>\n\t\t\t\t<\/div>\n\t\t\t\t<div class=\"elementor-element elementor-element-7af4d21 elementor-align-center elementor-widget elementor-widget-button\" data-id=\"7af4d21\" data-element_type=\"widget\" data-widget_type=\"button.default\">\n\t\t\t\t<div class=\"elementor-widget-container\">\n\t\t\t\t\t<div class=\"elementor-button-wrapper\">\n\t\t\t<a href=\"https:\/\/www.chorale-resonance.org\/index.php\/contact\/\" class=\"elementor-button-link elementor-button elementor-size-sm\" role=\"button\">\n\t\t\t\t\t\t<span class=\"elementor-button-content-wrapper\">\n\t\t\t\t\t\t<span class=\"elementor-button-text\"><p style=\"color: rgb(0, 0, 0); font-family: &quot;YAFdJhem5V8 0&quot;, _fb_, auto; --font-size: 24.0001px; --line-height: 1.4; line-height: 33px;\"><span style=\"color: rgb(0, 0, 0); font-weight: 700;\">Vous souhaitez rejoindre le <\/span><span style=\"color: rgb(0, 0, 0); font-weight: 700; font-style: italic;\">Cercle des partenaires<\/span><span style=\"color: rgb(0, 0, 0); font-weight: 700;\"> ?<\/span><\/p><span style=\"color: rgb(0, 0, 0); font-weight: 700; font-family: &quot;YAFdJhem5V8 0&quot;, _fb_, auto; word-spacing: normal;\">Prenez contact avec nous<\/span><\/span>\n\t\t<\/span>\n\t\t\t\t\t<\/a>\n\t\t<\/div>\n\t\t\t\t<\/div>\n\t\t\t\t<\/div>\n\t\t\t\t\t\t<\/div>\n\t\t\t\t\t<\/div>\n\t\t<\/div>\n\t\t\t\t\t\t\t\t<\/div>\n\t\t\t\t\t<\/div>\n\t\t<\/section>\n\t\t\t\t<section class=\"elementor-section elementor-top-section elementor-element elementor-element-bb8fa85 elementor-section-boxed elementor-section-height-default elementor-section-height-default\" data-id=\"bb8fa85\" data-element_type=\"section\">\n\t\t\t\t\t\t<div class=\"elementor-container elementor-column-gap-default\">\n\t\t\t\t\t\t\t<div class=\"elementor-row\">\n\t\t\t\t\t<div class=\"elementor-column elementor-col-100 elementor-top-column elementor-element elementor-element-59a5857\" data-id=\"59a5857\" data-element_type=\"column\">\n\t\t\t<div class=\"elementor-column-wrap elementor-element-populated\">\n\t\t\t\t\t\t\t<div class=\"elementor-widget-wrap\">\n\t\t\t\t\t\t<div class=\"elementor-element elementor-element-97a3c67 elementor-widget elementor-widget-spacer\" data-id=\"97a3c67\" data-element_type=\"widget\" data-widget_type=\"spacer.default\">\n\t\t\t\t<div class=\"elementor-widget-container\">\n\t\t\t\t\t<div class=\"elementor-spacer\">\n\t\t\t<div class=\"elementor-spacer-inner\"><\/div>\n\t\t<\/div>\n\t\t\t\t<\/div>\n\t\t\t\t<\/div>\n\t\t\t\t\t\t<\/div>\n\t\t\t\t\t<\/div>\n\t\t<\/div>\n\t\t\t\t\t\t\t\t<\/div>\n\t\t\t\t\t<\/div>\n\t\t<\/section>\n\t\t\t\t\t\t\t\t\t<\/div>\n\t\t\t<\/div>\n\t\t\t\t\t<\/div>\n\t\t","protected":false},"excerpt":{"rendered":"<p>Nous soutenir Permettre \u00e0 R\u00e9sonance de mener des projets artistiques ambitieux : rejoindre le Cercle des partenaires A titre individuel ou au nom de leur entreprise, les partenaires de R\u00e9sonance contribuent \u00e0 son d\u00e9veloppement par leur soutien mat\u00e9riel ou financier. Ils sont r\u00e9unis au sein du&nbsp;Cercle des partenaires. Rejoindre le&nbsp;Cercle des partenaires, c\u2019est : \u00eatre&hellip;<\/p>\n","protected":false},"author":1,"featured_media":0,"parent":0,"menu_order":0,"comment_status":"closed","ping_status":"closed","template":"elementor_header_footer","meta":{"_exactmetrics_skip_tracking":false,"_exactmetrics_sitenote_active":false,"_exactmetrics_sitenote_note":"","_exactmetrics_sitenote_category":0},"yoast_head":"<!-- This site is optimized with the Yoast SEO plugin v17.2.1 - https:\/\/yoast.com\/wordpress\/plugins\/seo\/ -->\n<title>Soutenir notre choeur - Ensemble Vocal R\u00e9sonance<\/title>\n<meta name=\"description\" content=\"Vous souhaitez soutenir notre choeur, \u00eatre tenus au courant des nos diff\u00e9rentes actualit\u00e9es pour venir nous rencontrer. Rendez-vous ici.\" \/>\n<meta name=\"robots\" content=\"index, follow, max-snippet:-1, max-image-preview:large, max-video-preview:-1\" \/>\n<link rel=\"canonical\" href=\"https:\/\/www.chorale-resonance.org\/index.php\/soutenir-notre-choeur\/\" \/>\n<meta property=\"og:locale\" content=\"fr_FR\" \/>\n<meta property=\"og:type\" content=\"article\" \/>\n<meta property=\"og:title\" content=\"Soutenir notre choeur - Ensemble Vocal R\u00e9sonance\" \/>\n<meta property=\"og:description\" content=\"Vous souhaitez soutenir notre choeur, \u00eatre tenus au courant des nos diff\u00e9rentes actualit\u00e9es pour venir nous rencontrer. Rendez-vous ici.\" \/>\n<meta property=\"og:url\" content=\"https:\/\/www.chorale-resonance.org\/index.php\/soutenir-notre-choeur\/\" \/>\n<meta property=\"og:site_name\" content=\"Ensemble Vocal R\u00e9sonance\" \/>\n<meta property=\"article:modified_time\" content=\"2024-02-09T18:14:14+00:00\" \/>\n<meta property=\"og:image\" content=\"https:\/\/www.chorale-resonance.org\/wp-content\/uploads\/2024\/02\/tableau-me\u0301ce\u0301nat-Screenshot-avec-titre-768x706.png\" \/>\n<meta name=\"twitter:card\" content=\"summary_large_image\" \/>\n<meta name=\"twitter:label1\" content=\"Dur\u00e9e de lecture estim\u00e9e\" \/>\n\t<meta name=\"twitter:data1\" content=\"1 minute\" \/>\n<script type=\"application\/ld+json\" class=\"yoast-schema-graph\">{\"@context\":\"https:\/\/schema.org\",\"@graph\":[{\"@type\":\"WebSite\",\"@id\":\"https:\/\/www.chorale-resonance.org\/#website\",\"url\":\"https:\/\/www.chorale-resonance.org\/\",\"name\":\"Ensemble Vocal R\\u00e9sonance\",\"description\":\"Olivier L\\u00e9geret\",\"potentialAction\":[{\"@type\":\"SearchAction\",\"target\":{\"@type\":\"EntryPoint\",\"urlTemplate\":\"https:\/\/www.chorale-resonance.org\/?s={search_term_string}\"},\"query-input\":\"required name=search_term_string\"}],\"inLanguage\":\"fr-FR\"},{\"@type\":\"ImageObject\",\"@id\":\"https:\/\/www.chorale-resonance.org\/index.php\/soutenir-notre-choeur\/#primaryimage\",\"inLanguage\":\"fr-FR\",\"url\":\"https:\/\/www.chorale-resonance.org\/wp-content\/uploads\/2024\/02\/tableau-me\\u0301ce\\u0301nat-Screenshot-avec-titre.png\",\"contentUrl\":\"https:\/\/www.chorale-resonance.org\/wp-content\/uploads\/2024\/02\/tableau-me\\u0301ce\\u0301nat-Screenshot-avec-titre.png\",\"width\":1244,\"height\":1144},{\"@type\":\"WebPage\",\"@id\":\"https:\/\/www.chorale-resonance.org\/index.php\/soutenir-notre-choeur\/#webpage\",\"url\":\"https:\/\/www.chorale-resonance.org\/index.php\/soutenir-notre-choeur\/\",\"name\":\"Soutenir notre choeur - Ensemble Vocal R\\u00e9sonance\",\"isPartOf\":{\"@id\":\"https:\/\/www.chorale-resonance.org\/#website\"},\"primaryImageOfPage\":{\"@id\":\"https:\/\/www.chorale-resonance.org\/index.php\/soutenir-notre-choeur\/#primaryimage\"},\"datePublished\":\"2019-02-27T22:53:24+00:00\",\"dateModified\":\"2024-02-09T18:14:14+00:00\",\"description\":\"Vous souhaitez soutenir notre choeur, \\u00eatre tenus au courant des nos diff\\u00e9rentes actualit\\u00e9es pour venir nous rencontrer. Rendez-vous ici.\",\"breadcrumb\":{\"@id\":\"https:\/\/www.chorale-resonance.org\/index.php\/soutenir-notre-choeur\/#breadcrumb\"},\"inLanguage\":\"fr-FR\",\"potentialAction\":[{\"@type\":\"ReadAction\",\"target\":[\"https:\/\/www.chorale-resonance.org\/index.php\/soutenir-notre-choeur\/\"]}]},{\"@type\":\"BreadcrumbList\",\"@id\":\"https:\/\/www.chorale-resonance.org\/index.php\/soutenir-notre-choeur\/#breadcrumb\",\"itemListElement\":[{\"@type\":\"ListItem\",\"position\":1,\"name\":\"Accueil\",\"item\":\"https:\/\/www.chorale-resonance.org\/\"},{\"@type\":\"ListItem\",\"position\":2,\"name\":\"Nous soutenir\"}]}]}<\/script>\n<!-- \/ Yoast SEO plugin. -->","yoast_head_json":{"title":"Soutenir notre choeur - Ensemble Vocal R\u00e9sonance","description":"Vous souhaitez soutenir notre choeur, \u00eatre tenus au courant des nos diff\u00e9rentes actualit\u00e9es pour venir nous rencontrer. Rendez-vous ici.","robots":{"index":"index","follow":"follow","max-snippet":"max-snippet:-1","max-image-preview":"max-image-preview:large","max-video-preview":"max-video-preview:-1"},"canonical":"https:\/\/www.chorale-resonance.org\/index.php\/soutenir-notre-choeur\/","og_locale":"fr_FR","og_type":"article","og_title":"Soutenir notre choeur - Ensemble Vocal R\u00e9sonance","og_description":"Vous souhaitez soutenir notre choeur, \u00eatre tenus au courant des nos diff\u00e9rentes actualit\u00e9es pour venir nous rencontrer. Rendez-vous ici.","og_url":"https:\/\/www.chorale-resonance.org\/index.php\/soutenir-notre-choeur\/","og_site_name":"Ensemble Vocal R\u00e9sonance","article_modified_time":"2024-02-09T18:14:14+00:00","og_image":[{"url":"https:\/\/www.chorale-resonance.org\/wp-content\/uploads\/2024\/02\/tableau-me\u0301ce\u0301nat-Screenshot-avec-titre-768x706.png"}],"twitter_card":"summary_large_image","twitter_misc":{"Dur\u00e9e de lecture estim\u00e9e":"1 minute"},"schema":{"@context":"https:\/\/schema.org","@graph":[{"@type":"WebSite","@id":"https:\/\/www.chorale-resonance.org\/#website","url":"https:\/\/www.chorale-resonance.org\/","name":"Ensemble Vocal R\u00e9sonance","description":"Olivier L\u00e9geret","potentialAction":[{"@type":"SearchAction","target":{"@type":"EntryPoint","urlTemplate":"https:\/\/www.chorale-resonance.org\/?s={search_term_string}"},"query-input":"required name=search_term_string"}],"inLanguage":"fr-FR"},{"@type":"ImageObject","@id":"https:\/\/www.chorale-resonance.org\/index.php\/soutenir-notre-choeur\/#primaryimage","inLanguage":"fr-FR","url":"https:\/\/www.chorale-resonance.org\/wp-content\/uploads\/2024\/02\/tableau-me\u0301ce\u0301nat-Screenshot-avec-titre.png","contentUrl":"https:\/\/www.chorale-resonance.org\/wp-content\/uploads\/2024\/02\/tableau-me\u0301ce\u0301nat-Screenshot-avec-titre.png","width":1244,"height":1144},{"@type":"WebPage","@id":"https:\/\/www.chorale-resonance.org\/index.php\/soutenir-notre-choeur\/#webpage","url":"https:\/\/www.chorale-resonance.org\/index.php\/soutenir-notre-choeur\/","name":"Soutenir notre choeur - Ensemble Vocal R\u00e9sonance","isPartOf":{"@id":"https:\/\/www.chorale-resonance.org\/#website"},"primaryImageOfPage":{"@id":"https:\/\/www.chorale-resonance.org\/index.php\/soutenir-notre-choeur\/#primaryimage"},"datePublished":"2019-02-27T22:53:24+00:00","dateModified":"2024-02-09T18:14:14+00:00","description":"Vous souhaitez soutenir notre choeur, \u00eatre tenus au courant des nos diff\u00e9rentes actualit\u00e9es pour venir nous rencontrer. Rendez-vous ici.","breadcrumb":{"@id":"https:\/\/www.chorale-resonance.org\/index.php\/soutenir-notre-choeur\/#breadcrumb"},"inLanguage":"fr-FR","potentialAction":[{"@type":"ReadAction","target":["https:\/\/www.chorale-resonance.org\/index.php\/soutenir-notre-choeur\/"]}]},{"@type":"BreadcrumbList","@id":"https:\/\/www.chorale-resonance.org\/index.php\/soutenir-notre-choeur\/#breadcrumb","itemListElement":[{"@type":"ListItem","position":1,"name":"Accueil","item":"https:\/\/www.chorale-resonance.org\/"},{"@type":"ListItem","position":2,"name":"Nous soutenir"}]}]}},"_links":{"self":[{"href":"https:\/\/www.chorale-resonance.org\/index.php\/wp-json\/wp\/v2\/pages\/99"}],"collection":[{"href":"https:\/\/www.chorale-resonance.org\/index.php\/wp-json\/wp\/v2\/pages"}],"about":[{"href":"https:\/\/www.chorale-resonance.org\/index.php\/wp-json\/wp\/v2\/types\/page"}],"author":[{"embeddable":true,"href":"https:\/\/www.chorale-resonance.org\/index.php\/wp-json\/wp\/v2\/users\/1"}],"replies":[{"embeddable":true,"href":"https:\/\/www.chorale-resonance.org\/index.php\/wp-json\/wp\/v2\/comments?post=99"}],"version-history":[{"count":47,"href":"https:\/\/www.chorale-resonance.org\/index.php\/wp-json\/wp\/v2\/pages\/99\/revisions"}],"predecessor-version":[{"id":1835,"href":"https:\/\/www.chorale-resonance.org\/index.php\/wp-json\/wp\/v2\/pages\/99\/revisions\/1835"}],"wp:attachment":[{"href":"https:\/\/www.chorale-resonance.org\/index.php\/wp-json\/wp\/v2\/media?parent=99"}],"curies":[{"name":"wp","href":"https:\/\/api.w.org\/{rel}","templated":true}]}}